0245 (base 12) in base 11?
14921
Convert 32 (base 13) to base 9.
45
Convert 156 (base 12) to base 16.
d2
Convert 110010010100 (base 2) to base 5.
100340
What is 1000100110 (base 2) in base 5?
4200
Convert 1100100 (base 2) to base 4.
1210
Convert 158 (base 13) to base 11.
200
What is 1020131 (base 4) in base 9?
6322
10012010 (base 3) to base 8
4425
Convert -45244 (base 8) to base 3.
-222012201
Convert 4212 (base 7) to base 15.
689
a0bc (base 15) to base 4
20102013
Convert -201211 (base 3) to base 16.
-217
Convert -3b60 (base 13) to base 10.
-8528
-10433 (base 5) to base 13
-452
2 (base 5) to base 13
2
346a (base 11) to base 14
1933
What is -1597 (base 11) in base 10?
-2042
What is -27c (base 14) in base 10?
-502
What is -751 (base 14) in base 13?
-870
1a4 (base 16) to base 15
1d0
What is -3554 (base 7) in base 14?
-69b
Convert 11e (base 15) to base 4.
3332
-31642 (base 8) to base 3
-200010120
What is 4ac (base 15) in base 6?
4530
Convert -12021101 (base 3) to base 7.
-14131
What is 71702 (base 9) in base 16?
b879
-870 (base 12) to base 6
-5420
2312033 (base 4) to base 2
10110110001111
What is -100111110 (base 2) in base 13?
-1b6
3010 (base 12) to base 2
1010001001100
101021 (base 3) to base 14
15b
Convert 2a5 (base 11) to base 10.
357
-1011110011010 (base 2) to base 13
-299a
-1045 (base 10) to base 12
-731
-11014 (base 5) to base 4
-23313
Convert -b87 (base 14) to base 13.
-1060
-1010001100 (base 2) to base 12
-464
What is 45122 (base 6) in base 13?
2b49
1452 (base 7) to base 2
1001000000
-30 (base 16) to base 14
-36
Convert 22216 (base 7) to base 11.
4230
Convert -14244 (base 5) to base 14.
-619
What is -425 (base 8) in base 3?
-101021
Convert -1741 (base 10) to base 4.
-123031
-15659 (base 12) to base 9
-45516
Convert -111004 (base 5) to base 8.
-7447
What is -661 (base 8) in base 12?
-301
34030 (base 9) to base 4
11201202
What is 1623 (base 11) in base 5?
31312
Convert -4203 (base 5) to base 13.
-337
10102111211 (base 3) to base 4
100131301
Convert -10102010 (base 3) to base 9.
-3363
1224320 (base 5) to base 2
101110010011110
What is -331130 (base 4) in base 16?
-f5c
Convert 101120 (base 4) to base 14.
596
48522 (base 9) to base 4
13323311
Convert 156 (base 8) to base 9.
132
-13 (base 9) to base 13
-c
-413530 (base 6) to base 7
-165633
-5421 (base 7) to base 5
-30201
What is -332 (base 4) in base 7?
-116
What is -143345 (base 6) in base 14?
-501b
What is -969 (base 11) in base 8?
-2214
Convert -50410 (base 6) to base 9.
-10076
What is -3133 (base 7) in base 12?
-77a
What is -1a22 (base 12) in base 10?
-3194
What is -422440 (base 5) in base 8?
-33450
2ff (base 16) to base 9
1042
What is 38a (base 15) in base 14?
417
Convert -13327 (base 10) to base 4.
-3100033
-11100011000011 (base 2) to base 4
-3203003
What is -16491 (base 14) in base 4?
-31213233
-361 (base 9) to base 13
-19c
Convert 111a (base 11) to base 15.
683
-1846 (base 9) to base 8
-2613
Convert -112 (base 3) to base 13.
-11
What is -664 (base 12) in base 6?
-4204
-403312 (base 5) to base 15
-3c8c
What is 5654 (base 9) in base 16?
1054
Convert 4410 (base 6) to base 5.
13024
What is -31004 (base 6) in base 5?
-112413
What is 11531 (base 6) in base 16?
6af
-25e2 (base 16) to base 13
-4550
What is -313 (base 12) in base 14?
-23d
Convert -7c3 (base 13) to base 8.
-2476
Convert -90a (base 12) to base 5.
-20211
Convert -1022 (base 6) to base 5.
-1410
Convert -1734 (base 16) to base 11.
-4510
Convert -141 (base 11) to base 4.
-2212
-211 (base 9) to base 16
-ac
What is -3320321 (base 5) in base 9?
-86884
11000110010011 (base 2) to base 12
7417
-240332 (base 5) to base 16
-228a
688 (base 14) to base 12
900
Convert -1373 (base 10) to base 4.
-111131
What is 1c2cb (base 13) in base 14?
162b4
What is -30011 (base 4) in base 16?
-305
45b (base 13) to base 8
1360
What is -3487 (base 9) in base 11?
-1a45
What is 140451 (base 6) in base 4?
3031033
Convert -1120223 (base 4) to base 11.
-429a
Convert -123223 (base 4) to base 9.
-2377
-219 (base 16) to base 3
-201220
What is -11111121 (base 3) in base 7?
-12400
Convert -103030 (base 5) to base 2.
-110110111011
-100c7 (base 16) to base 8
-200307
What is -112124 (base 6) in base 7?
-36601
What is 3121230 (base 4) in base 16?
366c
What is -4276 (base 10) in base 13?
-1c3c
Convert -153d (base 14) to base 10.
-3779
-1524 (base 10) to base 16
-5f4
Convert -255 (base 15) to base 11.
-442
Convert 3164 (base 15) to base 2.
10100011001100
What is 308 (base 9) in base 6?
1055
What is -5553 (base 7) in base 6?
-13130
What is -18a (base 15) in base 4?
-11203
12452 (base 9) to base 15
2745
Convert 1100210 (base 3) to base 13.
5b5
Convert 1265c (base 13) to base 10.
34046
Convert 264 (base 10) to base 6.
1120
-33 (base 16) to base 2
-110011
What is 3535 (base 6) in base 7?
2324
1010002011 (base 3) to base 2
101010110101000
Convert -22067 (base 8) to base 3.
-110201101
What is -464 (base 8) in base 5?
-2213
-a9 (base 15) to base 12
-113
Convert 2369 (base 13) to base 12.
2a78
-154 (base 6) to base 4
-1012
Convert -12c3 (base 14) to base 4.
-303223
Convert -943b (base 13) to base 11.
-14446
What is 606 (base 7) in base 2?
100101100
Convert 598 (base 13) to base 3.
1022221
Convert a197 (base 13) to base 3.
1010112120
Convert 24239 (base 10) to base 16.
5eaf
What is -56815 (base 9) in base 10?
-37841
329 (base 12) to base 13
29a
What is -196 (base 13) in base 5?
-2132
Convert -123 (base 4) to base 12.
-23
-e622 (base 15) to base 8
-136770
What is -5591 (base 12) in base 2?
-10010011111101
Convert 68bb (base 12) to base 9.
16888
110000000010000 (base 2) to base 10
24592
20aa (base 12) to base 15
10e1
What is 12ca (base 14) in base 8?
6362
Convert 986 (base 11) to base 15.
53d
What is 6607 (base 10) in base 13?
3013
-2202 (base 5) to base 4
-10232
Convert 1042 (base 15) to base 2.
110101101101
4201 (base 5) to base 7
1415
10501 (base 6) to base 11
1123
-21424 (base 6) to base 13
-1474
What is 2c (base 14) in base 4?
220
What is 1617 (base 9) in base 14?
63d
Convert 8ae (base 16) to base 11.
1740
-b2fd (base 16) to base 5
-2431241
3d1 (base 14) to base 15
366
405 (base 14) to base 7
2205
-2203 (base 7) to base 4
-30103
-21001020 (base 3) to base 12
-2b80
Convert b6 (base 16) to base 15.
c2
Convert -1c6 (base 16) to base 14.
-246
21a (base 15) to base 9
577
-13647 (base 9) to base 10
-9277
6bca (base 14) to base 9
27706
What is 4e (base 15) in base 3?
2202
2301 (base 10) to base 11
1802
1b4 (base 13) to base 7
631
Convert 2d5 (base 15) to base 4.
22022
1224 (base 6) to base 7
613
Convert -346 (base 7) to base 12.
-131
101101 (base 3) to base 6
1144
Convert 106 (base 9) to base 2.
1010111
1222210 (base 3) to base 8
2654
Convert 855 (base 12) to base 7.
3356
-9592 (base 15) to base 16
-7b95
What is 309 (base 12) in base 14?
237
What is 3546 (base 7) in base 10?
1308
-1c9 (base 14) to base 16
-175
What is 1323 (base 5) in base 15?
e3
What is 11100331 (base 4) in base 5?
1142230
-13222 (base 5) to base 3
-1110100
Convert 20103 (base 6) to base 11.
1a82
Convert -1222 (base 5) to base 4.
-2323
Convert 23001 (base 4) to base 2.
1011000001
Convert 10110111000 (base 2) to base 12.
a20
711 (base 11) to base 13
511
Convert c4a3 (base 13) to base 6.
325445
Convert -10366 (base 8) to base 2.
-1000011110110
3a9 (base 11) to base 4
13202
1011 (base 6) to base 8
337
-d7d4 (base 15) to base 7
-250042
Convert a55 (base 11) to base 4.
103312
What is 7655 (base 16) in base 6?
352125
-12ba2 (base 12) to base 4
-12110222
Convert 33255 (base 8) to base 9.
21172
-100200100 (base 3) to base 13
-329a
Convert -333545 (base 7) to base 11.
-40304
What is 70a (base 11) in base 12?
5b5
Convert 10000010000011010 (base 2) to base 8.
202032
-440 (base 5) to base 7
-231
-104075 (base 8) to base 11
-24227
-2dc3 (base 16) to base 11
-8890
Convert 3132 (base 5) to base 9.
513
What is -100110100010110 (base 2) in base 7?
-111351
-1a82 (base 12) to base 8
-6302
What is -17ad (base 16) in base 9?
-8274
13617 (base 8) to base 6
43531
-c26 (base 16) to base 14
-11c2
Convert 2102 (base 5) to base 3.
101021
-1293 (base 14) to base 3
-11110221
What is -a02c (base 14) in base 13?
-c67b
-1303 (base 7) to base 14
-273
Convert -12a2 (base 12) to base 13.
-c86
What is 5901 (base 14) in base 2?
11110001111101
Convert -44